- 3. Let s(j) = -4 + 2*j**2 + j + 7*j + 14 - j**2. Let i be s(-7). Determine f(i).
3
Let d(p) = -4*p + 3. Let h(q) be the second derivative of 11*q**3/6 - 9*q**2/2 + 4*q. Let a(c) = -17*d(c) - 6*h(c). Determine a(-4).
-5
Suppose -h - m = 4*m - 27, -7 = -h - m. Let d(y) = 3*y + 0*y**2 + 5 - y**h + 0. Suppose 3*k - 2 = 4*u - 12, 2*k + 16 = 5*u. What is d(u)?
1
Let k(a) = 5*a**2 + 2*a - 1. Let v be k(1). Suppose -v = -0*w + 2*w. Let i(g) = g - 1. What is i(w)?
-4
Let t(n) = 4 + 2*n + 3 - 3 - n - n**2. Determine t(0).
4
Let f be (-190)/6 + 2/(-6). Let y be f/(-18) + 2/9. Let m(x) be the first derivative of -x**4/4 + x**3/3 - x**2/2 + 2*x - 37. Determine m(y).
-4
Suppose -f - x + 2 - 6 = 0, 0 = 2*x - 4. Let o(q) = q + 7. Give o(f).
1
Let d(p) = p**2 - p - 1. Let s(o) = 3*o**2 + 4*o - 16. Let t(i) = 4*d(i) - s(i). Give t(9).
21
Let m(w) be the second derivative of -w**4/12 - w**3/3 - w**2/2 + 2*w. Suppose -3*y = -p - 1, 8*y = 4*y + 4. Determine m(p).
-9
Let x(m) = -14*m - 38. Let o(w) = 5*w + 0*w + 15 - 2. Let b(d) = -17*o(d) - 6*x(d). Determine b(0).
7
Let k = 25 + 0. Suppose -k = 6*q - q. Let y(v) = -v**3 - 5*v + 5*v - 2*v - 7 - 5*v**2. What is y(q)?
3
Let w(g) = -g**2 + 6*g - 5. Let i be w(5). Let m(f) = 2*f**2 + 2*f + 7. Let b(t) = 53*t**2 - 1 - 52*t**2 + t + 0. Let h(k) = 3*b(k) - m(k). What is h(i)?
-10
Let u be (0/3 - -1) + 3. Let f(m) = 3*m**2 + 12*m + 10. Let i(r) = -2*r**2 - 6*r - 5. Let b(s) = -3*f(s) - 5*i(s). Calculate b(u).
-13
Let u(a) = 3*a + 4. Let v(q) = q**3 + 2*q**2 - 2*q - 2. Let f be v(-2). Suppose 4*x - t - 1 = 0, 4*x = -3*t + f*t + 7. Suppose 5*z + x = -19. Determine u(z).
-8
Let l(y) = y**3 + 2*y + 3. Suppose 21 = -3*q + 2*q + 3*n, 0 = n - 5. Let u = q + 4. What is l(u)?
-9
Let o(s) = s**3 + 6*s**2 + s + 2. Suppose -3*b + b = 40. Let y = b - -14. What is o(y)?
-4
Let c(o) = -o - 1. Let p(d) = 2*d + 1. Let y(r) = c(r) + p(r). Let u be y(5). Suppose -5*x - 10 = u*a, -4*x + 13 + 7 = -3*a. Let i(w) = 4*w + 2. Determine i(x).
10
Let j(k) be the second derivative of k**3/2 - 3*k**2/2 + 20*k. What is j(3)?
6
Let i(u) = -u**3 + 7*u**2 - 6*u - 5. Suppose -70 = 4*h - 6*h. Let z be 10/h + (-40)/(-7). Determine i(z).
-5
Suppose -13 = 4*a + 3. Let p(t) = -3 + t**2 + 0*t + 5*t - 2*t. Calculate p(a).
1
Let r(x) = 4*x - 10. Let f(q) = 2*q - 5. Let z(h) = -13*f(h) + 6*r(h). Calculate z(-4).
13
Let c(d) be the second derivative of -d**2 + 1/6*d**3 + 0 - 4*d. Calculate c(6).
4
Let c(n) = -1 - 7*n + 1 + 8*n. Let r be (1 - (-2 + 4))*1. Let m = 1 - r. Calculate c(m).
2
Let v(f) = -2 + 3*f**3 - 2*f**3 + f - 3*f. Suppose 0*a = -a + 6. Suppose 2*g - 8 = a*g. What is v(g)?
-6
Let t(d) be the third derivative of d**6/24 + d**4/24 - 3*d**2. Let j = 3 + 0. Suppose -j*a + 4 = a. Determine t(a).
6
Let a(h) = -h**3 + h**2 + h - 7. Let k(o) = -2*o + 5*o - o**2 + 1 - 3*o. Let f(j) = -a(j) - 5*k(j). Suppose 3*y = y + 4, 5*d = -3*y - 14. Give f(d).
6
Let w(k) = -k**3 - k**2 + k + 5. Let z(a) = -a**2 - 8*a + 9. Let x be z(-9). Give w(x).
5
Let f(s) be the first derivative of -s**4/4 + 2*s**3/3 - s**2 + s - 22. Calculate f(2).
-3
Let n = 5 + -3. Let l(q) = q**2 - 2*q - 2. Let a(h) = 2*h**2 - 4*h - 5. Let i(y) = 2*a(y) - 5*l(y). What is i(n)?
0
Let s(t) = t**3 - t**2 - 3*t - 4. Let q(l) = l**2 - 9*l - 10. Let h be q(10). Suppose -6 = -h*n - 2*n. Give s(n).
5
Let r(i) = i - i + 0*i + i**2 + 5 - 10*i. Calculate r(10).
5
Let n(u) = -u - 6. Let d be -2*((-36)/(-8) + -3). Give n(d).
-3
Suppose -5*m + 14 = 4*b, -11 = -b - 7*m + 2*m. Let x(h) = -7*h**2 - h + 1. Let p(a) = -1 + 3*a + 7*a**2 + 2*a - 4*a. Let u(n) = 5*p(n) + 4*x(n). Determine u(b).
7
Let g(x) = -x**2 + x. Let m(t) = -5*t**2 + 6*t - 7. Let j(a) = 6*g(a) - m(a). Suppose 0 = 2*l - 2 - 6. Suppose 0*c + c = 2*n + 10, -4*c + l*n = -20. Give j(c).
7
Let m(i) be the third derivative of -1/12*i**4 - 1/6*i**3 + 0*i - 5*i**2 + 0. Calculate m(-1).
1
Suppose -9*a = -7*a - 6. Suppose 3*s = -a*q, -5 - 3 = -4*q - 2*s. Let l(t) = -t. Calculate l(q).
-4
Suppose c = -4*c - 35. Let g(k) = 2*k + 9. Calculate g(c).
-5
Let o(f) = f + 2. Suppose -5*i + 5*x = -45, -3*i - 3*x = -0 + 3. Let q = 1 + i. Suppose 8*z = 3*z - q. What is o(z)?
1
Let u = -20 - -35. Suppose l + u = 4*l. Let q(z) = z**3 + 0*z + 1 - z - 3*z**2 - 2*z**2. Calculate q(l).
-4
Let w(y) = 1 + 1 + 0 - y. Let m(p) = -2*p + 5. Let g be m(4). What is w(g)?
5
Let c(q) be the second derivative of q**4/12 + 5*q**3/6 - 3*q**2 - 6*q. What is c(-5)?
-6
Suppose 6*h - y - 29 = 3*h, 4*y + 52 = 4*h. Let v(o) = o - 6. Let n be v(h). Let c(a) be the third derivative of -a**5/60 - a**3/3 + a**2. Calculate c(n).
-6
Let x(m) be the first derivative of m**3/3 + 3*m**2 - 4*m + 3. Let a = 2 + -8. Let n be x(a). Let u(k) = 2*k + 1. Determine u(n).
-7
Let v(l) = 8*l**3 - 2*l**2 - 11*l - 6. Let b(u) = -7*u**3 + 2*u**2 + 9*u + 5. Let y(o) = 6*b(o) + 5*v(o). Suppose 0 = a + 5*z + 4, -a - 2*z = 1. What is y(a)?
-1
Let s(p) be the first derivative of -p**4/4 - 7*p**3/3 + 4*p**2 + 3*p + 8. What is s(-8)?
3
Let t(a) = a**2 - 2*a. Let g be 4*(-1 - 0)*-1. Calculate t(g).
8
Suppose 0 = 5*l + 1 - 11. Let m(z) = -13*z**3 + 7*z**2 - 12*z + 9. Let b(y) = 3*y**3 - 2*y**2 + 3*y - 2. Let c(i) = 9*b(i) + 2*m(i). Determine c(l).
-2
Let k(m) be the third derivative of 0*m + 3*m**2 + 0 + 1/60*m**5 + 1/3*m**3 + 11/24*m**4. Let n be k(-11). Let o(u) = u**2 - 3*u - 2. Determine o(n).
-4
Let c(k) = 6 + 5*k - 9*k - 3*k + 8*k. Give c(-6).
0
Let u(f) = -2*f**3 + 7*f**2 - 73*f + 3*f**3 + 79*f. Calculate u(-6).
0
Suppose 4*l + 2 = 6*l. Let x(o) = -4*o**2 + 2*o - 1. Give x(l).
-3
Let d be 3 + (-11)/4 - (-1)/(-4). Let q(b) be the third derivative of -2*b**2 + 0*b + d - 1/6*b**3 + 1/8*b**4. What is q(-3)?
-10
Let x(l) be the third derivative of 1/24*l**4 + 0 + 1/60*l**5 + 0*l**3 + 0*l + 2*l**2. Give x(-3).
6
Let k = -7 - -1. Let p(t) = -4*t - 4. Let j(g) = g + 1. Let o(i) = k*j(i) - p(i). Suppose -8*d = -3*d + 20, 4*x + 20 = -2*d. What is o(x)?
4
Let h(u) = u**3 + 4*u**2 - 2*u + 4. Suppose -3*j = 7 + 2. Let x(d) = d**3 + 2*d**2 - 2*d - 1. Let y be x(j). What is h(y)?
12
Let f(c) be the third derivative of c**5/30 + c**4/8 - c**3/3 + 10*c**2. What is f(2)?
12
Let c(n) = 2*n**2 + 2*n - 2. Let m be c(-2). Suppose 5*f = -3*i + 20, -4*f - i + 10 = 1. Let p = m - f. Let t(y) = 3*y**3 - 2*y**2 + 1. Give t(p).
2
Let w(b) be the second derivative of -b**3/6 - 7*b**2/2 + 5*b. Calculate w(-6).
-1
Let l(z) = 7*z**2 + 7*z - 7. Let y(u) = u**2 + u - 1. Let q(n) = -l(n) + 6*y(n). Let m(i) = 4*i**2 + 8*i + 1. Let j(x) = m(x) + 5*q(x). Give j(5).
-4
Let z(s) = s**2 + 5*s - 2. Suppose 2*d = -4*l - 6, 5*d + 7 = -4*l + 2*l. Let m be d/5 + 114/(-30). Give z(m).
-6
Let b = -93 + 94. Let l(x) = -11*x**2 - 1. What is l(b)?
-12
Let x be 1 - (1*-6 + 2). Let p(j) = -7 + 7*j - 2*j**2 + j**2 + 3. Determine p(x).
6
Let g(c) be the second derivative of c**6/180 - c**5/40 + c**4/12 + c**3/6 + 2*c. Let i(n) be the second derivative of g(n). Give i(2).
4
Suppose 4*s - l + 4*l = 2, 2*l = 4. Let z be (2 + (s - -2))*2. Let i(p) = -2*p**2 - 4 - 3 - 2*p**3 + 2*p + z. Determine i(1).
-3
Let l(v) be the third derivative of -v**6/120 - v**5/10 + 5*v**3/6 + v**2. Let b = 13 + -19. Give l(b).
5
Let s(y) = y**2 - y - 2. Let i be s(2). Let k be (-3)/((i - -1)*1). Let w(x) be the third derivative of x**4/12 + x**3/3 - 2*x**2. Calculate w(k).
-4
Let v(y) = -y**2 - y - 7. Let g(t) = -9 - 4*t - 3*t - 3*t - t**2. Let p(k) = k**2 + 12*k + 2. Let l be p(-11). Let r be g(l). Determine v(r).
-7
Suppose -16 = -4*y + 12. Suppose 2*p = 4*i - 23 - y, 0 = 4*i - p - 25. Let b(r) = -r + 8. Calculate b(i).
3
Let c(y) = -2*y + y + 5 - 11. What is c(-4)?
-2
Let p(a) = a. Let j(d) = -2*d - 1. Let t(g) = -2*j(g) - 3*p(g). Give t(-4).
-2
Let s = 2 - 2. Let l(g) = -g**3 - 2*g**2 + g + 1. Let h(c) = 2*c**3 + 3*c**2 - 2*c - 3. Let b(a) = -3*h(a) - 5*l(a). Calculate b(s).
4
Let a(v) = -2*v - 8. Let t(d) = 6*d + 23. Suppose 5*r + 44 = r. Suppose 0 = -s + 3*s + 8. Let b(x) = r*a(x) + s*t(x). What is b(-5)?
6
Let n(s) = s**3 + 2*s**2 + 1. Let c be n(-2). Let b(t) = 1 + 4*t - 3*t + 9*t**2 - 2*t. Give b(c).
9
Let c(u) = u**3 - u**2 - u + 2. Suppose -2*h - 3*n = 21, 2*n - n = 5*h + 27. Let d be 2/h - (-14)/6. What is c(d)?
4
Suppose o + 4*q = 13, -5*q + 4 = -16. Let a(s) = s**3 + 2*s**2 - s +